{"id":401,"date":"2021-03-15T21:14:26","date_gmt":"2021-03-15T21:14:26","guid":{"rendered":"https:\/\/saenis.com.al\/?page_id=401"},"modified":"2021-03-15T21:15:47","modified_gmt":"2021-03-15T21:15:47","slug":"kontenier","status":"publish","type":"page","link":"https:\/\/saenis.com.al\/?page_id=401","title":{"rendered":"Kontenier"},"content":{"rendered":"\n<div class=\"wp-block-media-text alignwide is-stacked-on-mobile\"><figure class=\"wp-block-media-text__media\"><img loading=\"lazy\" width=\"770\" height=\"520\" src=\"https:\/\/saenis.com.al\/wp-content\/uploads\/2021\/03\/kontenier1-1.jpeg\" alt=\"\" class=\"wp-image-403 size-full\" srcset=\"https:\/\/saenis.com.al\/wp-content\/uploads\/2021\/03\/kontenier1-1.jpeg 770w, https:\/\/saenis.com.al\/wp-content\/uploads\/2021\/03\/kontenier1-1-300x203.jpeg 300w, https:\/\/saenis.com.al\/wp-content\/uploads\/2021\/03\/kontenier1-1-768x519.jpeg 768w\" sizes=\"(max-width: 770px) 100vw, 770px\" \/><\/figure><div class=\"wp-block-media-text__content\">\n<h3>Kontenier \u00e7eliku 20\u2019 p\u00ebr ngarkesa<br>t\u00eb thata<\/h3>\n\n\n\n<p>Nga jasht\u00eb:<br>Gjat\u00ebsia: 20&#8242;-0&#8243; \/6.06 m Gjer\u00ebsia: 8&#8242;-0&#8243; \/ 2.44 m<br>Lart\u00ebsia: 8&#8242;-6&#8243; \/2.59 m<br>Nga brenda:<br>Gjat\u00ebsia: 19&#8242;-4&#8243; \/ 5.90 m<br>Gjer\u00ebsia: 7&#8242;-8. 5&#8243; \/ 2.35 m<br>Lart\u00ebsia: 7&#8242;-10&#8243; \/ 2.39 m<br>Hapja e Port\u00ebs:<br>Gjer\u00ebsia: 7&#8242;-8. 25&#8243; \/ 2.343 m<br>Lart\u00ebsia: 7&#8242;-5. 625&#8243; \/ 2.280 m<br>CBM : 33.1<\/p>\n<\/div><\/div>\n\n\n\n<div class=\"wp-block-media-text alignwide is-stacked-on-mobile\"><figure class=\"wp-block-media-text__media\"><img loading=\"lazy\" width=\"481\" height=\"263\" src=\"https:\/\/saenis.com.al\/wp-content\/uploads\/2021\/03\/kont2.jpeg\" alt=\"\" class=\"wp-image-404 size-full\" srcset=\"https:\/\/saenis.com.al\/wp-content\/uploads\/2021\/03\/kont2.jpeg 481w, https:\/\/saenis.com.al\/wp-content\/uploads\/2021\/03\/kont2-300x164.jpeg 300w\" sizes=\"(max-width: 481px) 100vw, 481px\" \/><\/figure><div class=\"wp-block-media-text__content\">\n<h3>Kontenier \u00e7eliku 40&#8242; p\u00ebr ngarkesa<br>t\u00eb thata<\/h3>\n\n\n\n<p>Nga jasht\u00eb:<br>Gjat\u00ebsia: 40&#8242;-0&#8243; \/ 12.19 m<br>Gjer\u00ebsia: 8&#8242;-0&#8243; \/ 2.44 m<br>Lart\u00ebsia: 8&#8242;-6&#8243; \/ 2.59 m<br>Nga brenda:<br>Gjat\u00ebsia: 39&#8242;-5.6 \/ 12.03 m<br>Gjer\u00ebsia: 7&#8242;-8.5&#8243; \/ 2.35 m<br>Lart\u00ebsia: 7&#8242;-10&#8243; \/ 2.38 m<br>Hapja e Port\u00ebs:<br>Gjer\u00ebsia: 7&#8242;-8.25&#8243; \/ 2.343 m<br>Lart\u00ebsia: 7&#8242;-5.63&#8243; \/ 2.280 m<br>CBM : 67.5<\/p>\n<\/div><\/div>\n\n\n\n<div class=\"wp-block-media-text alignwide is-stacked-on-mobile\"><figure class=\"wp-block-media-text__media\"><img loading=\"lazy\" width=\"480\" height=\"205\" src=\"https:\/\/saenis.com.al\/wp-content\/uploads\/2021\/03\/kontenier3.jpeg\" alt=\"\" class=\"wp-image-405 size-full\" srcset=\"https:\/\/saenis.com.al\/wp-content\/uploads\/2021\/03\/kontenier3.jpeg 480w, https:\/\/saenis.com.al\/wp-content\/uploads\/2021\/03\/kontenier3-300x128.jpeg 300w\" sizes=\"(max-width: 480px) 100vw, 480px\" \/><\/figure><div class=\"wp-block-media-text__content\">\n<h3>Kontenier \u00e7eliku 40&#8242; (Hi-Cube) p\u00ebr ngarkesa t\u00eb thata<\/h3>\n\n\n\n<p>Nga jasht\u00eb:<br>Gjat\u00ebsia: 40&#8242;-0&#8243; \/ 12.19 m<br>Gjer\u00ebsia: 8&#8242;-0&#8243; \/ 2.44 m<br>Lart\u00ebsia: 9&#8242;-6&#8243; \/ 2.90 m<br>Nga brenda: Gjat\u00ebsia: 39&#8242;-5.6 \/ 12.03 m<br>Gjer\u00ebsia: 7&#8242;-8. 5&#8243; \/ 2.35 m<br>Lart\u00ebsia: 8&#8242;-10 \/ 2.69 m<br>Hapja e Port\u00ebs:<br>Gjer\u00ebsia: 7&#8242;-8.25&#8243; \/ 2.343 m<br>Lart\u00ebsia: 8&#8242;-5.625&#8243; \/ 2.585 m<br>CBM : 76.2<\/p>\n<\/div><\/div>\n\n\n\n<div class=\"wp-block-media-text alignwide is-stacked-on-mobile\"><figure class=\"wp-block-media-text__media\"><img loading=\"lazy\" width=\"481\" height=\"300\" src=\"https:\/\/saenis.com.al\/wp-content\/uploads\/2021\/03\/kontenier4.jpeg\" alt=\"\" class=\"wp-image-406 size-full\" srcset=\"https:\/\/saenis.com.al\/wp-content\/uploads\/2021\/03\/kontenier4.jpeg 481w, https:\/\/saenis.com.al\/wp-content\/uploads\/2021\/03\/kontenier4-300x187.jpeg 300w\" sizes=\"(max-width: 481px) 100vw, 481px\" \/><\/figure><div class=\"wp-block-media-text__content\">\n<h3>Kontenier \u00e7eliku 45\u2019 (Hi-cube) p\u00ebr ngarkesa t\u00eb thata<\/h3>\n\n\n\n<p>Nga jasht\u00eb:<br>Gjat\u00ebsia: 45&#8242;-0&#8243; \/ 13.72 m<br>Gjer\u00ebsia: 8&#8242;-0&#8243; \/ 2.44 m<br>Lart\u00ebsia: 9&#8242;-6&#8243; \/ 2.90m<br>Nga brenda:<br>Gjat\u00ebsia: 44&#8242;-5&#8243; \/ 13.56 m<br>Gjer\u00ebsia: 7&#8242;-8&#8243; \/ 2.35 m<br>Lart\u00ebsia: 8&#8242;-10&#8242; \/ 2.70 m<br>Hapja e Port\u00ebs:<br>Gjer\u00ebsia: 7&#8242;-8.25&#8243; \/ 2.340 m<br>Lart\u00ebsia: 8&#8242;-5.625&#8243; \/ 2.585 m<br>CBM : 86.1<\/p>\n<\/div><\/div>\n\n\n\n<div class=\"wp-block-media-text alignwide is-stacked-on-mobile\"><figure class=\"wp-block-media-text__media\"><img loading=\"lazy\" width=\"481\" height=\"267\" src=\"https:\/\/saenis.com.al\/wp-content\/uploads\/2021\/03\/kontenier5.jpeg\" alt=\"\" class=\"wp-image-407 size-full\" srcset=\"https:\/\/saenis.com.al\/wp-content\/uploads\/2021\/03\/kontenier5.jpeg 481w, https:\/\/saenis.com.al\/wp-content\/uploads\/2021\/03\/kontenier5-300x167.jpeg 300w\" sizes=\"(max-width: 481px) 100vw, 481px\" \/><\/figure><div class=\"wp-block-media-text__content\">\n<h3>Kontenier 20&#8242; frigorifer<\/h3>\n\n\n\n<p>Nga jasht\u00eb:<br>Gjat\u00ebsia: 20&#8242;-0&#8243; \/ 6.06 m<br>Gjer\u00ebsia: 8&#8242;-0&#8243; \/ 2.44 m<br>Lart\u00ebsia: 8&#8242;-6&#8243; \/ 2.60 m<br>Nga brenda:<br>Gjat\u00ebsia: 18&#8242;-0.5&#8243; \/ 5.5 m<br>Gjer\u00ebsia: 7&#8242;-6.5&#8243; \/ 2.30 m<br>Lart\u00ebsia: 7&#8242;-5.7&#8243; \/ 2.28 m<br>CBM : 28.8<\/p>\n<\/div><\/div>\n\n\n\n<div class=\"wp-block-media-text alignwide is-stacked-on-mobile\"><figure class=\"wp-block-media-text__media\"><img loading=\"lazy\" width=\"480\" height=\"290\" src=\"https:\/\/saenis.com.al\/wp-content\/uploads\/2021\/03\/kontenier6.jpeg\" alt=\"\" class=\"wp-image-408 size-full\" srcset=\"https:\/\/saenis.com.al\/wp-content\/uploads\/2021\/03\/kontenier6.jpeg 480w, https:\/\/saenis.com.al\/wp-content\/uploads\/2021\/03\/kontenier6-300x181.jpeg 300w\" sizes=\"(max-width: 480px) 100vw, 480px\" \/><\/figure><div class=\"wp-block-media-text__content\">\n<h3>Kontenier 40&#8242; frigorifer (Hi-Cube)<\/h3>\n\n\n\n<p>Nga jasht\u00eb:<br>Gjat\u00ebsia: 40&#8242;-0&#8243; \/ 12.19 m<br>Gjer\u00ebsia: 8&#8242;-0&#8243; \/ 2.44 m<br>Lart\u00ebsia: 9&#8242;-6&#8243; \/ 2.90 m<br>Nga brenda:<br>Gjat\u00ebsia: 37&#8242;-11.9&#8243; \/ 11.58 m<br>Gjer\u00ebsia: 7&#8242;-6.5&#8243; \/ 2.30 m<br>Lart\u00ebsia: 8&#8242;-4.2&#8243; \/ 2.54 m<br>CBM : 67.7<\/p>\n<\/div><\/div>\n\n\n\n<div class=\"wp-block-media-text alignwide is-stacked-on-mobile\"><figure class=\"wp-block-media-text__media\"><img loading=\"lazy\" width=\"480\" height=\"311\" src=\"https:\/\/saenis.com.al\/wp-content\/uploads\/2021\/03\/kontenier7.jpeg\" alt=\"\" class=\"wp-image-409 size-full\" srcset=\"https:\/\/saenis.com.al\/wp-content\/uploads\/2021\/03\/kontenier7.jpeg 480w, https:\/\/saenis.com.al\/wp-content\/uploads\/2021\/03\/kontenier7-300x194.jpeg 300w\" sizes=\"(max-width: 480px) 100vw, 480px\" \/><\/figure><div class=\"wp-block-media-text__content\">\n<h3>Kontenier 20&#8242; i hapur lart<\/h3>\n\n\n\n<p>Nga jasht\u00eb:<br>Gjat\u00ebsia: 20\u2019 0&#8243; \/ 6.06m<br>Gjer\u00ebsia: 8&#8242;-0&#8243; \/ 2.44 m<br>Lart\u00ebsia: 8&#8242;-6&#8243; \/ 2.60 m<br>Nga brenda:<br>Gjat\u00ebsia: 19&#8242;-4.5&#8243; \/ 5.90 m<br>Gjer\u00ebsia: 7&#8242;-8.5&#8243; \/ 2.35 m<br>Lart\u00ebsia: 7&#8242;-8.0&#8243; \/ 2.33 m<br>CBM : 32.5<\/p>\n<\/div><\/div>\n\n\n\n<div class=\"wp-block-media-text alignwide is-stacked-on-mobile\"><figure class=\"wp-block-media-text__media\"><img loading=\"lazy\" width=\"481\" height=\"242\" src=\"https:\/\/saenis.com.al\/wp-content\/uploads\/2021\/03\/kontenier8.jpeg\" alt=\"\" class=\"wp-image-410 size-full\" srcset=\"https:\/\/saenis.com.al\/wp-content\/uploads\/2021\/03\/kontenier8.jpeg 481w, https:\/\/saenis.com.al\/wp-content\/uploads\/2021\/03\/kontenier8-300x151.jpeg 300w\" sizes=\"(max-width: 481px) 100vw, 481px\" \/><\/figure><div class=\"wp-block-media-text__content\">\n<h3>Kontenier 40&#8242; i hapur lart<\/h3>\n\n\n\n<p>Nga jasht\u00eb:<br>Gjat\u00ebsia: 40&#8242;-0 \/ 12.19 m<br>Gjer\u00ebsia: 8&#8242;-0&#8243; \/ 2.44 m<br>Lart\u00ebsia: 8&#8242;-6&#8243; \/ 2.60 m<br>Nga brenda:<br>Gjat\u00ebsia: 39&#8242;-7&#8243; \/ 12.03 m<br>Gjer\u00ebsia: 7&#8242;-8.5&#8243; \/ 2.35 m<br>Lart\u00ebsia: 7&#8242;-8.0&#8243; \/ 2.33 m<br>CBM : 65.9<\/p>\n<\/div><\/div>\n\n\n\n<div class=\"wp-block-media-text alignwide is-stacked-on-mobile\"><figure class=\"wp-block-media-text__media\"><img loading=\"lazy\" width=\"481\" height=\"333\" src=\"https:\/\/saenis.com.al\/wp-content\/uploads\/2021\/03\/kontenier9.jpeg\" alt=\"\" class=\"wp-image-411 size-full\" srcset=\"https:\/\/saenis.com.al\/wp-content\/uploads\/2021\/03\/kontenier9.jpeg 481w, https:\/\/saenis.com.al\/wp-content\/uploads\/2021\/03\/kontenier9-300x208.jpeg 300w\" sizes=\"(max-width: 481px) 100vw, 481px\" \/><\/figure><div class=\"wp-block-media-text__content\">\n<h3>Kontenier 40&#8242; komplet i hapur, me 4 kolona rezistente<\/h3>\n\n\n\n<p>Nga jasht\u00eb:<br>Gjat\u00ebsia: 40&#8242;-0&#8243;\/16&#8243; \/ 12.192 m<br>Gjer\u00ebsia: 8&#8242;-0&#8243; \/ 2.438 m<br>Lart\u00ebsia: 8&#8242;-6&#8243; \/ 2.591 m<br>Nga brenda:<br>Gjat\u00ebsia: 38&#8242;-7 15\/16&#8243; \/ 11.784 m<br>Gjer\u00ebsia: 6&#8242;-7 59\/64&#8243; \/ 2.030 m<br>Lart\u00ebsia: 6&#8242;-4 1\/2&#8243; \/ 1.943 m<\/p>\n<\/div><\/div>\n","protected":false},"excerpt":{"rendered":"<p>Kontenier \u00e7eliku 20\u2019 p\u00ebr ngarkesat\u00eb thata Nga jasht\u00eb:Gjat\u00ebsia: 20&#8242;-0&#8243; \/6.06 m Gjer\u00ebsia: 8&#8242;-0&#8243; \/ 2.44 mLart\u00ebsia: 8&#8242;-6&#8243; \/2.59 mNga brenda:Gjat\u00ebsia: 19&#8242;-4&#8243; \/ 5.90 <\/p>\n","protected":false},"author":1,"featured_media":0,"parent":0,"menu_order":0,"comment_status":"closed","ping_status":"closed","template":"","meta":[],"_links":{"self":[{"href":"https:\/\/saenis.com.al\/index.php?rest_route=\/wp\/v2\/pages\/401"}],"collection":[{"href":"https:\/\/saenis.com.al\/index.php?rest_route=\/wp\/v2\/pages"}],"about":[{"href":"https:\/\/saenis.com.al\/index.php?rest_route=\/wp\/v2\/types\/page"}],"author":[{"embeddable":true,"href":"https:\/\/saenis.com.al\/index.php?rest_route=\/wp\/v2\/users\/1"}],"replies":[{"embeddable":true,"href":"https:\/\/saenis.com.al\/index.php?rest_route=%2Fwp%2Fv2%2Fcomments&post=401"}],"version-history":[{"count":1,"href":"https:\/\/saenis.com.al\/index.php?rest_route=\/wp\/v2\/pages\/401\/revisions"}],"predecessor-version":[{"id":412,"href":"https:\/\/saenis.com.al\/index.php?rest_route=\/wp\/v2\/pages\/401\/revisions\/412"}],"wp:attachment":[{"href":"https:\/\/saenis.com.al\/index.php?rest_route=%2Fwp%2Fv2%2Fmedia&parent=401"}],"curies":[{"name":"wp","href":"https:\/\/api.w.org\/{rel}","templated":true}]}}